0 and 180.
90
What is the greatest common factor of 80 and 11630?
10
What is the greatest common factor of 112884 and 92?
92
What is the highest common factor of 99452 and 752?
188
Calculate the highest common divisor of 1009659 and 21.
21
What is the highest common factor of 10287 and 15875?
127
What is the greatest common factor of 896 and 9072?
112
What is the highest common divisor of 5379 and 52323?
489
What is the highest common divisor of 4422 and 111354?
402
Calculate the greatest common factor of 594 and 14428.
2
What is the greatest common factor of 808029 and 27?
27
What is the highest common divisor of 392649 and 34?
17
Calculate the highest common divisor of 105 and 221151.
21
Calculate the highest common divisor of 7980 and 4020.
60
Calculate the highest common divisor of 2635 and 369155.
85
Calculate the greatest common factor of 6251 and 1330.
133
Calculate the greatest common divisor of 432 and 82224.
144
Calculate the greatest common factor of 8686 and 2150.
86
What is the highest common divisor of 248577 and 21?
21
What is the highest common factor of 889397 and 993?
331
What is the greatest common divisor of 8 and 376?
8
What is the highest common factor of 1945 and 543044?
389
What is the greatest common divisor of 1249885 and 910?
455
Calculate the greatest common factor of 322 and 19734.
46
Calculate the highest common divisor of 46 and 2069149.
23
Calculate the greatest common divisor of 20 and 225220.
20
What is the highest common factor of 19796 and 296?
4
What is the greatest common factor of 7076113 and 19?
19
What is the greatest common divisor of 3973 and 11513?
29
Calculate the highest common divisor of 958 and 244290.
958
Calculate the greatest common divisor of 3052 and 153472.
436
What is the greatest common factor of 29937 and 306?
51
Calculate the greatest common divisor of 14206535 and 7.
7
What is the highest common factor of 12738 and 1271677?
2123
Calculate the highest common divisor of 12560 and 17660.
20
Calculate the highest common divisor of 32754 and 15582.
318
Calculate the highest common factor of 9191025 and 90.
45
Calculate the highest common factor of 31442 and 398.
398
Calculate the highest common divisor of 21606 and 106091.
277
What is the highest common factor of 4 and 15804?
4
What is the highest common factor of 1761 and 258?
3
Calculate the greatest common factor of 56 and 438424.
56
Calculate the greatest common divisor of 2063918 and 62.
62
What is the greatest common divisor of 1275 and 4725?
75
What is the greatest common factor of 170 and 30430?
170
Calculate the greatest common factor of 140 and 1405425.
35
What is the greatest common factor of 98 and 6744997?
49
Calculate the highest common factor of 198 and 16720.
22
Calculate the greatest common factor of 3176 and 300.
4
Calculate the highest common factor of 9095 and 16592.
17
What is the highest common divisor of 348 and 3290862?
174
Calculate the greatest common divisor of 1352 and 12415.
13
What is the highest common divisor of 6160 and 462308?
308
Calculate the greatest common divisor of 539066 and 1374.
458
Calculate the greatest common factor of 1782 and 633600.
198
Calculate the highest common factor of 638 and 461912.
638
Calculate the greatest common divisor of 76 and 79990.
38
Calculate the greatest common factor of 3153277 and 2162.
1081
What is the greatest common factor of 47 and 100439?
47
Calculate the highest common divisor of 68541 and 165.
33
Calculate the greatest common factor of 3291 and 135.
3
What is the highest common factor of 2652433 and 7?
7
Calculate the greatest common factor of 64 and 17492.
4
What is the highest common divisor of 563 and 111?
1
Calculate the greatest common divisor of 106381 and 7106.
209
What is the highest common divisor of 392641 and 1293?
431
Calculate the greatest common factor of 328 and 102623.
41
Calculate the highest common divisor of 1263 and 2539893.
1263
What is the highest common divisor of 63 and 411003?
9
Calculate the greatest common factor of 3 and 98078.
1
What is the highest common factor of 1216 and 112613?
19
Calculate the greatest common factor of 744 and 904.
8
Calculate the greatest common factor of 10633 and 2077.
31
Calculate the highest common factor of 5712 and 2940.
84
What is the greatest common divisor of 139040 and 1580?
1580
Calculate the highest common factor of 6144 and 120.
24
What is the highest common factor of 16309 and 1598?
47
What is the highest common divisor of 28150 and 150?
50
What is the highest common divisor of 54411 and 945?
21
Calculate the greatest common divisor of 8279 and 238.
17
What is the greatest common divisor of 183 and 38125?
61
What is the greatest common divisor of 1684 and 341431?
421
Calculate the highest common divisor of 24 and 19881.
3
Calculate the highest common divisor of 232 and 6152.
8
What is the greatest common factor of 412 and 37286?
206
What is the greatest common divisor of 4047 and 18?
3
What is the greatest common divisor of 48251 and 1921?
113
What is the greatest common divisor of 33672 and 2484?
276
Calculate the greatest common factor of 28739 and 87.
29
What is the greatest common factor of 519402 and 780?
78
Calculate the greatest common divisor of 1653 and 5339.
19
What is the highest common factor of 623600 and 40?
40
What is the greatest common factor of 19622 and 2?
2
Calculate the greatest common divisor of 9879 and 1691.
89
What is the highest common divisor of 4638 and 144?
6
What is the highest common divisor of 53664 and 27768?
312
Calculate the highest common divisor of 314 and 642601.
157
Calculate the greatest common divisor of 3667 and 386.
193
Calculate the greatest common factor of 973 and 93547.
139
Calculate the highest common factor of 17736 and 81.
3
Calculate the greatest common divisor of 1999027 and 43.
43
Calculate the greatest common divisor of 981 and 38477.
109
Calculate the highest common factor of 199 and 77013.
199
What is the highest common factor of 11663 and 2071?
109
What is the highest common factor of 1600242 and 294?
294
What is the greatest common factor of 46257 and 34?
17
Calculate the greatest common factor of 8579 and 2.
1
Calculate the greatest common factor of 21780 and 80.
20
What is the highest common factor of 15 and 1920?
15
What is the greatest common divisor of 25387 and 106?
53
Calculate the highest common factor of 14058 and 497.
71
What is the greatest common divisor of 2356590 and 30?
30
What is the highest common divisor of 1260 and 353430?
630
What is the greatest common factor of 1946213 and 106?
53
Calculate the greatest common divisor of 1424610 and 33.
33
Calculate the highest common factor of 105 and 2745981.
21
Calculate the highest common factor of 9130 and 5.
5
What is the greatest common divisor of 13370 and 2345?
35
Calculate the highest common factor of 324511 and 121.
11
Calculate the greatest common divisor of 134244 and 2.
2
Calculate the highest common divisor of 200522 and 14.
14
What is the highest common factor of 3304 and 2124?
236
What is the highest common factor of 51903 and 39816?
711
What is the highest common divisor of 211993 and 1195?
239
What is the highest common factor of 598 and 444682?
46
What is the highest common factor of 84815 and 5?
5
What is the greatest common factor of 2600 and 6344?
104
Calculate the highest common divisor of 7 and 1093589.
7
Calculate the greatest common divisor of 78183 and 1989.
153
What is the greatest common factor of 24450 and 144418?
326
What is the greatest common factor of 430 and 150890?
10
Calculate the highest common factor of 37007 and 115.
23
What is the greatest common factor of 858 and 96252?
78
What is the highest common factor of 370 and 194620?
370
What is the highest common divisor of 477498 and 35?
7
What is the highest common factor of 1260 and 4380?
60
What is the greatest common divisor of 5226 and 938?
134
What is the greatest common factor of 9 and 13728?
3
Calculate the highest common divisor of 25 and 937060.
5
Calculate the greatest common factor of 216476 and 48508.
724
Calculate the highest common factor of 17 and 21613.
1
Calculate the greatest common divisor of 266469 and 77.
7
Calculate the greatest common factor of 385292 and 12.
4
What is the 